 - 12, -5*l + 10*l - 37 = 4*q. Let p = -4 - q. Suppose -2*c + p*b = -18, -8 = -0*b + 4*b. What is the highest common divisor of 5 and c?
5
Let y(a) = 7*a + 20. Let p be y(12). What is the highest common factor of 13 and p?
13
Let l(x) = x + 9. Let r be l(4). What is the greatest common divisor of r and 13?
13
Suppose 5*x - 3*x + 38 = 2*b, 3*x = -4*b + 48. Let f(n) = 30*n**2 + n + 1. Let d be f(-1). Calculate the highest common divisor of d and b.
15
Suppose 2*y + d - 111 = 0, -2*y = 9*d - 4*d - 107. Let j be 2/4 + (-108)/(-8). Calculate the highest common divisor of y and j.
14
Let o be -1 - 1*(-10 + 0). Let d(v) = v + 11. Let f be d(7). Calculate the greatest common factor of f and o.
9
Let o = 14 - 5. Calculate the highest common factor of o and 18.
9
Let d = 7 + -2. Let v = 2 - 3. Let m = v + d. What is the greatest common factor of m and 12?
4
Let d = -26 + 42. Let b be 30/4*144/30. Let k = b - -12. What is the highest common factor of k and d?
16
Let o = 7 - -10. Suppose 7 - o = -2*j. What is the greatest common factor of j and 40?
5
Let k(l) = l**3 - 5*l**2 - 10*l + 20. Let j be k(8). What is the highest common divisor of j and 12?
12
Let t be 0 - -1 - (-7 + -20). Suppose 0 = -5*q + 6 + 14. Calculate the greatest common divisor of q and t.
4
Let s = -10 - -17. Suppose 4*i - s = 29. Suppose 12*w = -0*w + 540. What is the greatest common divisor of w and i?
9
Suppose 8 = -2*s + 4*s. What is the highest common factor of s and 4?
4
Let i(h) = -9*h - 5. Let r = -4 - 1. Let z be i(r). Suppose 36 = t + 4*b, 2*t - 5*b = z + 6. What is the greatest common divisor of 7 and t?
7
Let f be (5*4)/(7 - 5). Suppose -3*w - 1 = -f. Suppose 0 = 5*h - 4*k - 8, -5*h + 29 = 4*k - w. Calculate the highest common divisor of h and 1.
1
Let c be 0/((1 + -5)/2). Let k(y) = -y**2 - y + 8. Let l be k(c). Calculate the greatest common factor of 20 and l.
4
Suppose -10*x + 117 = 3*x. What is the highest common divisor of x and 243?
9
Suppose -3*h = -14 - 94. Calculate the greatest common factor of h and 180.
36
Let n(c) = 22*c - 4. Let h be n(2). Suppose -6 + 22 = 2*x. What is the greatest common factor of h and x?
8
Suppose -4*g - q + 15 + 40 = 0, 2*g + q = 29. What is the highest common factor of 91 and g?
13
Let i(o) = o**3 - 9*o**2 + 10*o - 8. Let g be i(8). Let d be (-3)/(-2) + (-1)/2. Suppose -d = c - 13. Calculate the greatest common factor of c and g.
4
Suppose 4*d + 4 = 32. Suppose -48*m = -43*m - 280. What is the highest common factor of d and m?
7
Let q(r) = -5*r - 11. Let o be q(-7). Calculate the greatest common factor of 36 and o.
12
Let a = -14 - -34. Let l(g) = 7*g - 23. Let w be l(9). What is the greatest common factor of a and w?
20
Let c be (46 - 4) + 2/(-2). Let v = -5 + c. Calculate the greatest common divisor of 9 and v.
9
Let m(i) = 9*i - 4. Let q be m(2). Let n(r) = -2*r**3 - 4*r**2 + 2*r + 2. Let h be n(-3). What is the highest common divisor of h and q?
14
Let c(j) be the first derivative of j**4/4 - j**2 + 5*j - 5. Let p be c(5). What is the highest common factor of p and 15?
15
Suppose 5*b = -2*k + 90, 4*k + 2*b - 27 - 137 = 0. Suppose -3*f + k = 2*f. What is the highest common divisor of f and 8?
8
Let f(c) = c**2 - 2*c + 20. Let j be f(0). What is the greatest common factor of 8 and j?
4
Let j(t) = 12*t**2 + 3*t. Let k be j(-2). Let r be (4/((-4)/(-105)))/1. What is the greatest common factor of k and r?
21
Let k = 21 - 20. Calculate the greatest common divisor of k and 1.
1
Let o(p) = -p - 2. Let j be o(-4). Suppose -j*w - 4*h + 186 = 0, 4*w - 381 = -2*h - 3*h. Calculate the highest common divisor of w and 9.
9
Let c be 2/(-6) + (-20)/3. Let l be 16/(-6)*3*c. Suppose 0 = -5*f + l + 194. Calculate the greatest common divisor of 20 and f.
10
Let u(s) = 9*s**2 - s + 1. Let y be u(1). What is the greatest common divisor of 81 and y?
9
Let r = 25 + -11. Let v(p) = p - 5. Let q be v(19). What is the highest common factor of q and r?
14
Suppose -6*c + 42 + 12 = 0. What is the greatest common factor of c and 6?
3
Suppose -3*i - 2*s + 12 = 0, -2*s + 4 = -2. Suppose 0 = i*t - 160 - 56. What is the greatest common divisor of t and 12?
12
Suppose -r + 422 + 278 = 3*y, 2*y - 5*r = 478. What is the greatest common divisor of 9 and y?
9
Let x = 116 - -17. Let h = -38 - -57. Calculate the greatest common factor of x and h.
19
Let x = 38 + -6. Calculate the highest common factor of 8 and x.
8
Let r(c) = 7*c**2. Let d be r(-1). Let o = -3 + d. Calculate the highest common divisor of o and 6.
2
Suppose 0 = -5*m + 5*u + 40, -3*m + 6*u = u - 18. What is the greatest common factor of m and 121?
11
Let g be -2 + (4 + -32)/(-4). What is the highest common factor of 25 and g?
5
Suppose -m - 15 = -5*b, -3 = -4*b + 3*b - 3*m. Let a(k) = 2*k - 10. Let l be a(8). What is the highest common divisor of b and l?
3
Let j = 70 + -56. Calculate the highest common divisor of j and 154.
14
Suppose 3*c + 2*i = 496, 0 = 2*c + 3*i + i - 320. Suppose 0*p + 3*p - c = 0. Let z = p - 36. What is the highest common factor of z and 50?
10
Let v(j) = -j**2 - j + 2. Let u be v(0). Suppose -i = -3*y + 13, -u*i = 5*y - 5 - 2. What is the greatest common divisor of y and 1?
1
Let t(q) = -3*q**3 - 4*q**2 - 8*q + 1. Let s be t(-4). What is the greatest common divisor of s and 23?
23
Let j(z) = -2*z**2 - z - 2. Let l be j(-2). Let w be 510/2 - l/(-4). What is the highest common divisor of 23 and w?
23
Suppose 5*n - 11 = -2*s, 5 = 2*s + 2*n - 15. What is the greatest common divisor of s and 143?
13
Suppose -5*l + 58 = -22. Let q be 2/6 + l/6. Let s = q - 2. Calculate the highest common factor of s and 9.
1
Suppose h + 5*n = 301, -3*h - 5*n + 195 = -678. Calculate the highest common divisor of h and 26.
26
Suppose -121 = c - 3*f, -3*c - 89 - 322 = 3*f. Let s = 253 + c. What is the greatest common factor of s and 48?
24
Suppose y - 93 = -2*d - 0*y, -60 = -d + 4*y. Let s be (-1)/(2/(-24) - 0). Calculate the greatest common divisor of s and d.
12
Suppose -4*d - 5*u + 133 = 0, -4*d + 4*u + 127 = 3*u. Let q(y) = 3*y**3 + 36*y**2 - 3*y + 12. Let s be q(-12). What is the greatest common factor of d and s?
16
Let r = -16 - -42. What is the greatest common divisor of 130 and r?
26
Let j(u) = -1. Let g(r) = 30*r + 4. Let z(b) = g(b) + 6*j(b). Let i be z(2). Let m = i + 12. What is the highest common divisor of 14 and m?
14
Suppose 0 = -5*n + n + 4. Let q be 2*n*(-3 + 4). Suppose 3*b - 41 = -q. Calculate the highest common divisor of 26 and b.
13
Suppose 2*o + 2*o - 16 = 0. Suppose -5*c = 2*q - c + 10, 4*q + 2*c = o. Let h be (-1)/(q/30)*-1. Calculate the highest common divisor of 90 and h.
10
Suppose a + 3*a = 200. Let m be (-12)/(-3) + -1 + -1. Suppose -3*i = z - 27, 5*i - 25 = m*z + 31. What is the highest common factor of i and a?
10
Let y(s) = s + 13. Let w be y(-10). Suppose 2*f - 3*p = -0*p + 46, 4*f - 74 = -w*p. Calculate the highest common factor of f and 50.
10
Let i = 578 + -226. What is the greatest common factor of 32 and i?
32
Let u be 20/16 - 2/8. Let t be (9 + 1/u)*1. What is the greatest common divisor of 70 and t?
10
Suppose q + 120 = 7*q. Let b be -1*(3 + -1 + -52). Calculate the greatest common factor of b and q.
10
Let f be (1 + -2)/((-1)/4). Suppose -f*q - w + 416 = 0, -2*q + q - 3*w = -93. Let l = 248 - q. What is the greatest common factor of 13 and l?
13
Suppose 3*n - 4*i = n, 0 = -3*n + 5*i + 3. Let s be (300/9)/(2/n). What is the highest common factor of 25 and s?
25
Let b(u) = u**3 + 10*u**2 - 11*u + 20. Let m be b(-11). What is the greatest common divisor of 10 and m?
10
Suppose -4*d + 15 = 3*j + 3, 0 = 4*j. Suppose -5*k - 30 = 2*n, 5*k + 47 + d = 2*n. Let a = k + 16. Calculate the highest common factor of 72 and a.
8
Suppose -x = x - 8. Suppose 2*b + 2*s + 2*s = 18, -x*s = b - 11. Suppose 5*w - 3 - b = 0. Calculate the highest common factor of 6 and w.
2
Let o be ((24 + 3)/3)/(21/28). Calculate the highest common divisor of o and 12.
12
Suppose 3*s + 0*s = 33. Calculate the greatest common factor of 88 and s.
11
Suppose 9 + 3 = 3*f. Let j = f + 8. What is the greatest common factor of j and 6?
6
Let s(u) = u**3 - 6*u**2 + u + 5. Let d be s(6). Suppose y - 23 = -12. What is the highest common divisor of d and y?
11
Let h(z) = z**2 - 12*z + 13. Let t be h(11). Calculate 